 prime number?
False
Is 99223 composite?
False
Is 871 prime?
False
Is 2647361 composite?
False
Is 8663 prime?
True
Is 301933 a composite number?
False
Is 21433 a prime number?
True
Is 8251 composite?
True
Is 31043 a composite number?
True
Is 2603 a composite number?
True
Is 62003 prime?
True
Is 468841 composite?
False
Is 58309 prime?
True
Is 328033 a prime number?
False
Is 396001 a composite number?
False
Is 555887 composite?
True
Is 2609 prime?
True
Is 12889 a composite number?
False
Is 12481 a prime number?
False
Is 815401 prime?
True
Is 83653 a composite number?
False
Is 1943 prime?
False
Is 2140387 prime?
True
Is 438701 composite?
False
Is 46723 composite?
False
Is 453527 prime?
True
Is 114617 a composite number?
False
Is 12311 composite?
True
Is 20089 composite?
False
Is 308918 a composite number?
True
Is 46583 a composite number?
True
Is 31 composite?
False
Is 86027 prime?
True
Is 42046 a prime number?
False
Is 8198 a prime number?
False
Is 10405 a composite number?
True
Is 208451 a composite number?
True
Is 13577 prime?
True
Is 400789 a prime number?
False
Is 28019 prime?
True
Is 859447 a composite number?
False
Is 308989 composite?
False
Is 31139 a composite number?
False
Is 279269 a composite number?
False
Is 77 a prime number?
False
Is 602149 composite?
True
Is 479309 a composite number?
False
Is 59905 composite?
True
Is 121229 composite?
False
Is 85171 composite?
True
Is 41773 a prime number?
False
Is 17519 a composite number?
False
Is 13571 a composite number?
True
Is 66277 composite?
True
Is 5153 prime?
True
Is 72061 a prime number?
False
Is 567527 composite?
False
Is 24359 composite?
False
Is 166469 a composite number?
True
Is 451249 a composite number?
False
Is 7039 a prime number?
True
Is 13793 a prime number?
False
Is 87179 composite?
False
Is 315247 a prime number?
True
Is 459301 prime?
True
Is 19157 composite?
False
Is 88903 composite?
False
Is 351151 a composite number?
False
Is 24515 composite?
True
Is 18805 composite?
True
Is 29947 prime?
True
Is 37589 composite?
False
Is 118147 composite?
False
Is 29819 a composite number?
False
Is 12797 prime?
False
Is 6779 prime?
True
Is 323894 prime?
False
Is 2285 prime?
False
Is 77117 prime?
False
Is 4874 a composite number?
True
Is 22241 a composite number?
True
Is 5079 prime?
False
Is 121039 a composite number?
False
Is 7387 prime?
False
Is 1759 prime?
True
Is 156703 composite?
False
Is 75287 a prime number?
False
Is 199859 a prime number?
False
Is 510469 a prime number?
False
Is 107553 a composite number?
True
Is 9969 composite?
True
Is 75995 prime?
False
Is 1799 composite?
True
Is 441489 prime?
False
Is 1931 prime?
True
Is 4957 a prime number?
True
Is 29471 composite?
True
Is 4349 a composite number?
False
Is 1776494 a prime number?
False
Is 786001 a prime number?
True
Is 21881 composite?
False
Is 2939 a prime number?
True
Is 8501 a prime number?
True
Is 284857 a composite number?
False
Is 36745 composite?
True
Is 223787 a composite number?
True
Is 16411 prime?
True
Is 6821 prime?
False
Is 367399 a composite number?
True
Is 203713 prime?
True
Is 33593 prime?
False
Is 36629 a prime number?
True
Is 21467 a composite number?
False
Is 355747 composite?
True
Is 510677 prime?
True
Is 20401 composite?
True
Is 1461 prime?
False
Is 1511 a prime number?
True
Is 6229 prime?
True
Is 54953 prime?
False
Is 393989 composite?
False
Is 3683 prime?
False
Is 8531 a composite number?
True
Is 63839 prime?
True
Is 29517 composite?
True
Is 44069 prime?
False
Is 1246897 composite?
True
Is 573157 a prime number?
False
Is 17291 composite?
False
Is 88211 a composite number?
False
Is 466611 a composite number?
True
Is 3365 a prime number?
False
Is 104537 a composite number?
False
Is 2111 composite?
False
Is 1399 prime?
True
Is 16706 a prime number?
False
Is 32753 prime?
False
Is 10391 a prime number?
True
Is 666833 a composite number?
True
Is 35031 composite?
True
Is 202849 a composite number?
True
Is 7262 prime?
False
Is 7669 prime?
True
Is 213 prime?
False
Is 608581 a prime number?
True
Is 24707 prime?
False
Is 101561 composite?
False
Is 370399 prime?
True
Is 624041 a prime number?
False
Is 430655 a composite number?
True
Is 3204823 composite?
True
Is 2491 a composite number?
True
Is 977 composite?
False
Is 8803 a prime number?
True
Is 357551 a composite number?
False
Is 5079 composite?
True
Is 2914801 composite?
False
Is 195191 composite?
True
Is 4619 a prime number?
False
Is 19831 a composite number?
True
Is 5557 a prime number?
True
Is 6317 a composite number?
False
Is 177833 prime?
False
Is 14591 prime?
True
Is 628118 a composite number?
True
Is 7541 composite?
False
Is 821 a prime number?
True
Is 27329 composite?
False
Is 126541 a composite number?
False
Is 843967 composite?
True
Is 299905 prime?
False
Is 377989 composite?
True
Is 1117645 a composite number?
True
Is 15161 a prime number?
True
Is 13411 composite?
False
Is 58169 prime?
True
Is 797 prime?
True
Is 83107 a composite number?
True
Is 336286 a prime number?
False
Is 821741 a prime number?
True
Is 13451 composite?
False
Is 8717 a composite number?
True
Is 5401 a composite number?
True
Is 7591 prime?
True
Is 22303 composite?
False
Is 163253 a prime number?
False
Is 15227 a composite number?
False
Is 790543 a composite number?
True
Is 1174847 prime?
True
Is 79939 composite?
False
Is 1481 a prime number?
True
Is 46573 a composite number?
False
Is 160343 a composite number?
False
Is 108179 prime?
True
Is 1795 a composite number?
True
Is 3611 prime?
False
Is 561251 a prime number?
True
Is 127697 composite?
True
Is 69857 a prime number?
True
Is 66813 a prime number?
False
Is 120997 a prime number?
True
Is 11579 composite?
False
Is 372107 a composite number?
False
Is 693361 a composite number?
True
Is 463049 prime?
False
Is 789067 composite?
False
Is 1117 a composite number?
False
Is 19911 prime?
False
Is 132199 prime?
True
Is 41845 a prime number?
False
Is 127103 a composite number?
False
Is 1655 composite?
True
Is 220663 a composite number?
False
Is 79031 a composite number?
False
Is 473441 composite?
False
Is 66323 a composite number?
True
Is 61606 a composite number?
True
Is 18251 a composite number?
False
Is 869 composite?
True
Is 74797 composite?
False
Is 1259 prime?
True
Is 92201 a prime number?
False
Is 3251377 a prime number?
True
Is 636629 a prime number?
False
Is 462589 prime?
True
Is 29473 a composite number?
False
Is 75323 a prime number?
True
Is 313921 composite?
False
Is 8359535 prime?
False
Is 9655 composite?
True
Is 736651 prime?
False
Is 772207 a composite number?
False
Is 9413 a composite number?
False
Is 9561 composite?
True
Is 12071 a prime number?
True
Is 8546 composite?
True
Is 108181 a composite number?
True
Is 124715 a prime number?
False
Is 971767 a composite number?
False
Is 469397 a composite number?
False
Is 34057 prime?
True
Is 11053 prime?
False
Is 199 prime?
True
Is 41843 composite?
False
Is 953171 composite?
False
Is 16579 a composite number?
True
Is 38149 a prime number?
True
Is 273629 composite?
False
Is 17039 a composite number?
True
Is 24011 composite?
True
Is 44209 a prime number?
False
Is 25318 prime?
False
Is 17431 composite?
False
Is 134947 composite?
False
Is 11631 a composite number?
True
Is 226645 composite?
True
Is 20993 a prime number?
False
Is 5703 prime?
False
Is 5965 composite?
True
Is 387298 a composite number?
True
Is 8563 a composite number?
False
Is 327401 a prime number?
True
Is 5219 prime?
False
Is 54971 prime?
False
Is 7909 prime?
False
Is 3510393 prime?
False
Is 1423 composite?
False
Is 55687 composite?
True
Is 1619 prime?
True
Is 211927 composite?
False
Is 11917 prime?
False
Is 19027 composite?
True
Is 8149 prime?
False
Is 192671 composite?
True
Is 7813 a composite number?
True
Is 4242917 composite?
True
Is 236254 composite?
True
Is 40063 prime?
True
Is 81767 a prime number?
False
Is 521321 a prime number?
False
Is 240577 a composite number?
True
Is 1934279 a prime number?
True
Is 41407 a composite number?
True
Is 2129 a prime number?
True
Is 80107 prime?
True
Is 90469 a composite number?
False
Is 945179 prime?
True
Is 539351 composite?
False
Is 14903 prime?
False
Is 485 prime?
False
Is 270557 a prime number?
False
Is 7109 composite?
False
Is 134669 composite?
False
Is 39313 a composite 